{"id":2417,"date":"2014-09-13T19:09:20","date_gmt":"2014-09-13T17:09:20","guid":{"rendered":"http:\/\/gwps.vot.pl\/theburnnout\/?page_id=2417"},"modified":"2021-09-28T08:37:53","modified_gmt":"2021-09-28T08:37:53","slug":"prawa-autorskie","status":"publish","type":"page","link":"https:\/\/gwps.pl\/coaching\/prawa-autorskie\/","title":{"rendered":"Prawa autorskie"},"content":{"rendered":"<p>Wszelkie tre\u015bci, pliki, grafiki i zdj\u0119cia zamieszczone na tej stronie s\u0105 chronione prawem autorskim.<\/p>\n<table>\n<tbody>\n<tr>\n<td>Tw\u00f3rcami tre\u015bci i opracowa\u0144 tekstowych s\u0105 <a title=\"O partnerach projektu C-BOSS\" href=\"http:\/\/job-burnout.eu\/topic\/o-nas\/\">partnerzy projektu<\/a>.<a href=\"http:\/\/gwps.vot.pl\/theburnnout\/files\/2014\/09\/cboss_content.gif\"><img decoding=\"async\" class=\"wp-image-2423 alignleft\" src=\"http:\/\/gwps.vot.pl\/theburnnout\/files\/2014\/09\/cboss_content-150x150.gif\" alt=\"cboss_content\" width=\"90\" height=\"90\" \/><\/a><\/td>\n<\/tr>\n<tr>\n<td><a href=\"http:\/\/gwps.vot.pl\/theburnnout\/files\/2014\/01\/Erfolgstagebuch-ibos220pxbreit.jpg\"><img decoding=\"async\" class=\"alignleft  wp-image-1852\" src=\"http:\/\/gwps.vot.pl\/theburnnout\/files\/2014\/01\/Erfolgstagebuch-ibos220pxbreit-150x150.jpg\" alt=\"Microsoft Word - Erfolgstagebuch -ibos.doc\" width=\"90\" height=\"90\" \/><\/a>\u0106wiczenia coachingowe on line s\u0105 zosta\u0142y wyselekcjonowane i udost\u0119pnione dzi\u0119ki uprzejmo\u015bci:<\/p>\n<ul>\n<li><a title=\"ibos \u2013 The institute for burnout and stress management\" href=\"http:\/\/gwps.vot.pl\/theburnnout\/ibos-the-institute-for-burnout-and-stress-management-4\/\">IBOS <\/a><\/li>\n<li><a title=\"GWPS \u2013 Gda\u0144skie Wydawnictwo Psychologiczne Szkolenia\" href=\"http:\/\/gwps.vot.pl\/theburnnout\/gwps-gdanskie-wydawnictwo-psychologiczne-szkolenia-2\/\">GWPS<\/a><\/li>\n<\/ul>\n<\/td>\n<\/tr>\n<tr>\n<td><a href=\"http:\/\/gwps.vot.pl\/theburnnout\/files\/2014\/03\/depersonalizacja.jpg\"><img decoding=\"async\" class=\"wp-image-1941 alignleft\" src=\"http:\/\/gwps.vot.pl\/theburnnout\/files\/2014\/03\/depersonalizacja-150x150.jpg\" alt=\"depersonalizacja\" width=\"90\" height=\"90\" \/><\/a>Wspania\u0142e i wiele m\u00f3wi\u0105ce rysunki udost\u0119pni\u0142a <strong>Alina Skiba<\/strong>.<br \/>\nKontakt z artystk\u0105: <a href=\"http:\/\/www.alinaskiba.com\">www.alinaskiba.com<\/a><\/td>\n<\/tr>\n<tr>\n<td><a href=\"http:\/\/gwps.vot.pl\/theburnnout\/files\/2014\/09\/LogoUE.gif\"><img decoding=\"async\" class=\"wp-image-2419 alignleft\" src=\"http:\/\/gwps.vot.pl\/theburnnout\/files\/2014\/09\/LogoUE-150x150.gif\" alt=\"LogoUE\" width=\"90\" height=\"90\" \/><\/a>Logo i grafika zosta\u0142y zaprojektowane przez Krzysztof Micha\u0142a Nowaka<br \/>\nKontakt: <a title=\"Excellent Coach Warszawa - Krzysztof Micha\u0142 Nowak\" href=\"http:\/\/excellentcoach.eu\/\">Excellent Coach Warszawa :: <\/a><a title=\"Excellent Coach Warszawa - Krzysztof Micha\u0142 Nowak\" href=\"http:\/\/excellentcoach.eu\/\">Krzysztof <\/a><a title=\"Excellent Coach Warszawa - Krzysztof Micha\u0142 Nowak\" href=\"http:\/\/excellentcoach.eu\/\">Micha\u0142 Nowak<\/a><\/td>\n<\/tr>\n<tr>\n<td><a href=\"http:\/\/gwps.vot.pl\/theburnnout\/files\/2013\/04\/dziewczyna-z-kolczykiem.jpg\"><img decoding=\"async\" class=\"wp-image-1965 alignleft\" src=\"http:\/\/gwps.vot.pl\/theburnnout\/files\/2013\/04\/dziewczyna-z-kolczykiem-150x150.jpg\" alt=\"coaching treatment\" width=\"90\" height=\"90\" \/><\/a>Zdj\u0119cia pochodz\u0105 z portali ze zdj\u0119ciami:<\/p>\n<ul>\n<li><a href=\"http:\/\/www.freestockimages.net\/\">http:\/\/www.freestockimages.net<\/a><\/li>\n<li><a href=\"http:\/\/www.dreamstime.com\">http:\/\/www.dreamstime.com<\/a><\/li>\n<li><a href=\"http:\/\/www.freeimages.com\/\">http:\/\/www.freeimages.com<\/a><\/li>\n<\/ul>\n<\/td>\n<\/tr>\n<\/tbody>\n<\/table>\n<p>&nbsp;<\/p>\n","protected":false},"excerpt":{"rendered":"<p>Wszelkie tre\u015bci, pliki, grafiki i zdj\u0119cia zamieszczone na tej stronie s\u0105 chronione prawem autorskim. Tw\u00f3rcami tre\u015bci i opracowa\u0144 tekstowych s\u0105 partnerzy projektu. \u0106wiczenia coachingowe on line s\u0105 zosta\u0142y &hellip;<\/p>\n","protected":false},"author":1,"featured_media":0,"parent":0,"menu_order":0,"comment_status":"closed","ping_status":"open","template":"","meta":{"footnotes":""},"class_list":["post-2417","page","type-page","status-publish","hentry"],"_links":{"self":[{"href":"https:\/\/gwps.pl\/coaching\/wp-json\/wp\/v2\/pages\/2417","targetHints":{"allow":["GET"]}}],"collection":[{"href":"https:\/\/gwps.pl\/coaching\/wp-json\/wp\/v2\/pages"}],"about":[{"href":"https:\/\/gwps.pl\/coaching\/wp-json\/wp\/v2\/types\/page"}],"author":[{"embeddable":true,"href":"https:\/\/gwps.pl\/coaching\/wp-json\/wp\/v2\/users\/1"}],"replies":[{"embeddable":true,"href":"https:\/\/gwps.pl\/coaching\/wp-json\/wp\/v2\/comments?post=2417"}],"version-history":[{"count":0,"href":"https:\/\/gwps.pl\/coaching\/wp-json\/wp\/v2\/pages\/2417\/revisions"}],"wp:attachment":[{"href":"https:\/\/gwps.pl\/coaching\/wp-json\/wp\/v2\/media?parent=2417"}],"curies":[{"name":"wp","href":"https:\/\/api.w.org\/{rel}","templated":true}]}}